4331 (base 7) to base 8.
31251262
5489b8 (base 13) to base 4
13211311011
What is 11441407 (base 8) in base 2?
1001100100001100000111
Convert 52828 (base 13) to base 10.
148585
Convert 1556774 (base 8) to base 7.
3553040
What is 70a043 (base 11) in base 7?
12460461
Convert 3a98a3 (base 12) to base 9.
1738466
-9c77c6 (base 14) to base 15
-701e0c
Convert -421022445 (base 6) to base 10.
-7328189
Convert 145436135 (base 7) to base 2.
100101000101111110000110
What is 1245544 (base 6) in base 10?
68680
Convert -6ffbd9 (base 16) to base 4.
-123333233121
1387361 (base 12) to base 2
1110111010110100111001
Convert 12450216 (base 7) to base 4.
10111320021
Convert 2633265 (base 7) to base 9.
574526
Convert -10101101001011 (base 2) to base 6.
-123151
What is -1c1f87 (base 16) in base 13?
-4c6ba4
-4546351 (base 8) to base 2
-100101100110011101001
Convert -230803 (base 12) to base 15.
-b136c
Convert -25786600 (base 9) to base 13.
-2825a5a
-35112144 (base 8) to base 13
-177670c
What is 2110202022 (base 4) in base 3?
1010220120010
21502123 (base 6) to base 9
1183886
a2323 (base 11) to base 9
247016
Convert 184331 (base 9) to base 8.
340044
-2382b5b (base 14) to base 12
-5832951
-24b340 (base 12) to base 4
-2102200200
What is -1782594 (base 10) in base 15?
-253299
What is -112103315 (base 6) in base 2?
-111110111010001011111
1014150 (base 7) to base 16
1daa2
What is -1116104 (base 7) in base 12?
-68508
What is -11111010000111111000 (base 2) in base 14?
-1c950c
What is 12344434 (base 5) in base 15?
26199
Convert 31247a1 (base 11) to base 9.
11330064
-104031301 (base 5) to base 9
-763368
Convert -131323323 (base 4) to base 2.
-11101111011111011
Convert 2beeb1 (base 16) to base 7.
33321014
Convert 104401 (base 10) to base 5.
11320101
11000100000011001110 (base 2) to base 10
803022
-1255534 (base 7) to base 8
-502605
What is -8a2144 (base 11) in base 6?
-50451441
What is -1222044020 (base 5) in base 16?
-2ca155
-1121220122210 (base 3) to base 2
-11010011000001011001
What is -12033112213 (base 4) in base 8?
-6172647
Convert 1154335 (base 7) to base 14.
3bd1c
What is -119087 (base 14) in base 9?
-1115438
-73661 (base 8) to base 3
-1120000212
What is -8354 (base 9) in base 10?
-6124
4709263 (base 10) to base 5
2201144023
-9fa59 (base 16) to base 13
-19b840
74db7b (base 15) to base 8
25164257
What is -3123423 (base 6) in base 15?
-2ebb3
What is 133a361 (base 12) in base 11?
2174405
What is -703247 (base 11) in base 7?
-12422152
4464987 (base 10) to base 8
21020533
Convert 331202 (base 14) to base 4.
12212310102
Convert 6707030 (base 9) to base 10.
3607119
-62a462 (base 11) to base 3
-1220021201001
182001 (base 9) to base 4
123211210
What is 34432511 (base 8) in base 14?
dcb969
Convert -2204400 (base 5) to base 7.
-216036
What is 22a0a (base 14) in base 13?
2c49b
Convert 4000424 (base 6) to base 9.
314187
Convert 3475355 (base 8) to base 15.
13b29d
What is -177200 (base 9) in base 7?
-636255
Convert 31210212301 (base 4) to base 8.
15444661
What is 45110055 (base 8) in base 7?
145520350
d55832 (base 15) to base 2
100110101100011111101010
157ab (base 14) to base 7
312304
What is 9b31ba (base 14) in base 8?
24070040
Convert 72565 (base 11) to base 7.
620346
Convert -12201102201 (base 3) to base 12.
-5519a
-177051 (base 12) to base 11
-25815a
Convert -1001101101000011100101 (base 2) to base 3.
-11210020111111
What is -1713576 (base 11) in base 7?
-33542663
What is -49a24 (base 16) in base 6?
-10244152
What is -11ab11 (base 13) in base 11?
-26a36a
Convert -4b2a7 (base 13) to base 10.
-138886
What is 10110100110001100100000 (base 2) in base 14?
b02a76
What is -1095899 (base 11) in base 10?
-1911061
What is -1435a0 (base 13) in base 4?
-1320120233
Convert 14a5707 (base 14) to base 10.
10080091
-210256 (base 15) to base 6
-53352030
What is 3854117 (base 9) in base 4?
20001110011
Convert 11212101022 (base 3) to base 13.
34796
What is -111022221112110 (base 3) in base 8?
-33015414
-4a4144 (base 11) to base 7
-6524004
Convert -85505 (base 10) to base 3.
-11100021212
What is -409299 (base 13) in base 8?
-5574201
What is 1253b7 (base 12) in base 11?
195037
Convert 5044273 (base 8) to base 9.
2445453
Convert -3243360 (base 7) to base 8.
-1410107
What is -11220041 (base 5) in base 3?
-12010220210
75814 (base 9) to base 14
14441
Convert -152a5c (base 16) to base 11.
-868170
Convert -2033134 (base 5) to base 12.
-174b4
-6ae39b (base 15) to base 5
-2302014241
What is -151452 (base 6) in base 8?
-34470
What is -34363642 (base 7) in base 5?
-1232214110
What is 2103502 (base 9) in base 10?
1124525
What is -136594 (base 10) in base 3?
-20221101001
2720128 (base 9) to base 4
11223220232
Convert 83252 (base 11) to base 2.
11101101001001100
What is -8505160 (base 9) in base 14?
-866517
-222102100021001 (base 3) to base 7
-230226034
Convert 33133213 (base 4) to base 8.
173747
Convert 1001101010110011110 (base 2) to base 14.
8366a
Convert -21b6511 (base 12) to base 6.
-350243221
What is 192aa4 (base 15) in base 16?
12adda
Convert -276555 (base 12) to base 10.
-653969
-123202001 (base 5) to base 11
-37aa83
What is -241313011 (base 5) in base 16?
-11160c
Convert 1182460 (base 10) to base 4.
10200223330
What is -1101121001112 (base 3) in base 10?
-739976
What is 1321114 (base 5) in base 2?
110011100101001
What is -47bb27 (base 12) in base 2?
-100011011011110001111
What is -234156532 (base 7) in base 12?
-4a34411
352303 (base 8) to base 3
20002121120
Convert 222000003 (base 4) to base 5.
21001120
-76886 (base 11) to base 2
-11011001110101111
What is 5289a (base 12) in base 16?
1a776
Convert -350020 (base 6) to base 5.
-1423240
What is d961 (base 15) in base 11?
31610
What is -103104111 (base 5) in base 16?
-6bb44
What is -11112310 (base 4) in base 16?
-55b4
What is 4160061 (base 7) in base 10?
501852
What is 1355621 (base 9) in base 11?
46a157
22b78b0 (base 13) to base 9
22160015
What is 121201121010 (base 3) in base 2?
1010000010111111110
23421223 (base 5) to base 11
1390a0
332443024 (base 5) to base 16
162b59
What is 6a7678 (base 11) in base 4?
10102020130
What is 2456763 (base 9) in base 4?
11012120301
What is -252267 (base 8) in base 12?
-42587
-37553 (base 16) to base 14
-5c84b
What is 57311 (base 11) in base 16?
143d1
Convert 2b626 (base 16) to base 2.
101011011000100110
What is 22032 (base 14) in base 5?
10113424
-11222000102011 (base 3) to base 10
-2637823
What is 211241254 (base 7) in base 13?
2792233
What is -83a2 (base 11) in base 7?
-44300
Convert -170605 (base 13) to base 4.
-2023231033
What is 36253212 (base 7) in base 4?
30102323232
-312003230 (base 6) to base 16
-5297e2
Convert 36151a (base 11) to base 2.
10001011111000011100
What is 764789 (base 11) in base 16?
12a35f
-10232120302 (base 4) to base 13
-3449b3
What is 11110000110110010101111 (base 2) in base 11?
4500536
What is 2121221112 (base 3) in base 15?
104ce
What is 10112022122 (base 3) in base 11?
48231
What is 11110010101001 (base 2) in base 16?
3ca9
504155523 (base 6) to base 14
11dc2a7
312011232 (base 4) to base 12
a8266
Convert -10122111122 (base 3) to base 8.
-214202
1115521041 (base 6) to base 13
2721166
What is 11000101000000000 (base 2) in base 11?
69865
Convert 24021435 (base 6) to base 10.
749471
306a966 (base 12) to base 7
140233410
Convert 2200222202202 (base 3) to base 14.
29580a
Convert -11010222 (base 3) to base 2.
-101111001111
3020320302 (base 4) to base 12
338216
What is 360d11 (base 14) in base 9?
3423861
-1371a3 (base 14) to base 7
-5500663
What is -510186 (base 16) in base 14?
-9c29a6
What is 435153002 (base 6) in base 13?
180430a
452488 (base 11) to base 7
6061011
-1437003 (base 10) to base 11
-8a1707
-175436 (base 9) to base 7
-632502
Convert 41635a (base 13) to base 12.
617b75
Convert -11144321404 (base 5) to base 8.
-57524575
What is -13324404 (base 5) in base 8?
-412045
-3b6d06 (base 14) to base 15
-2a8d96
What is 10100000010001110 (base 2) in base 13?
2b476
-1624474 (base 11) to base 6
-135234050
4251452 (base 6) to base 4
303002120
5264772 (base 9) to base 7
32645243
Convert -3819df (base 16) to base 5.
-1420123024
Convert -100507 (base 10) to base 12.
-4a1b7
What is -10413104 (base 6) in base 16?
-4c6c0
-4264465 (base 7) to base 11
-325948
What is -132442304 (base 7) in base 14?
-11c743b
-102101